+ 8. Determine o(x).
14
Let m(p) = p**3 + 6*p**2 + 5*p + 7. Let d(r) = 2 - 260 - 5*r - 31*r. Let q be d(-7). Give m(q).
-23
Let h(b) = 2*b + 16. Let i(d) be the second derivative of -d**4/12 + d**3/3 + 51*d**2/2 + 3*d - 4. Let w be i(-7). Calculate h(w).
-8
Let d(m) = 6*m + 181. Let w(b) = -b - 27. Let l(u) = 3*d(u) + 20*w(u). Let o be 3 - ((-21)/3)/(-1). Give l(o).
11
Let b = -911 - -855. Suppose 86 = 5*k - 194. Let a = b + k. Let v(t) = -t**2 - t - 8. What is v(a)?
-8
Let z(j) = j - 7. Let g(a) = -5*a + 21. Let n be g(-3). Suppose -n*d = -31*d. Let i be 2/(3/12 - d). Give z(i).
1
Let f(q) be the first derivative of q**4/4 + q**3 + q**2 + 22. Let h be f(-3). Let r(w) = w**3 + 6*w**2 + w + 2. Give r(h).
-4
Let v(q) be the second derivative of q**3/6 - 7*q**2 - 11245*q. Let u(p) = -p**2 + 12*p - 13. Let h be u(10). Give v(h).
-7
Let l(u) = -7*u + 92. Suppose 4*r - 56 = -4*d, -9*r - 9*d + 86 = -5*r. What is l(r)?
36
Let p(i) = 0*i**2 - i**2 + 2357*i - 2347*i + i**3 - 17. Give p(2).
7
Let s(o) = -3*o + 371*o**2 - 1 - 373*o**2 + 8*o - 2. Let r be s(2). Let h(y) = 9*y + 1. Give h(r).
-8
Let l(j) = -j**3 - 9*j**2 - 10*j - 19. Let m be l(-8). Let o(w) be the third derivative of 1/24*w**4 + 0*w + 5/6*w**3 + 0 + 10*w**2. What is o(m)?
2
Let o(q) = q**3 + 4*q**2 - 5. Let v(r) = -r**3 - 5*r**2 - r + 5. Let m(y) = -4*o(y) - 3*v(y). Suppose 1 = -i - 1. Determine m(i).
3
Let s = -190 + 184. Let f(z) = z**2 - 11*z**2 - z**3 + z + 5*z**2 - 1. Give f(s).
29
Let f(d) = 13*d. Suppose -2360 - 1315 = 349*y - 534. Give f(y).
-117
Let g(r) be the first derivative of r**4/4 - 5*r**3 + 7*r**2 - 13*r - 1428. Calculate g(14).
-13
Let q(i) be the second derivative of -i**3/6 + i**2 + i. Let g(n) = -10*n**3 + 74*n**2 - 16*n - 80. Let b be g(7). Determine q(b).
-2
Let s(c) = 37*c + 335. Let k = -845 - -836. Let p be s(k). Let j(u) = 0*u**3 - u**3 + 7*u - 4*u - 2. Determine j(p).
-4
Let y(w) be the first derivative of -w**4/8 - w**3/2 - 29*w**2/2 - 116. Let x(g) be the second derivative of y(g). Suppose 2*k - 8 - 2 = 0. What is x(k)?
-18
Let g(k) = -2*k**2 + 36*k + k**2 + 23*k - 85*k + 22*k. Determine g(0).
0
Let l = 529 + -236. Let z = -295 + l. Let j(c) = -5*c**3 + c. Let g(a) = 4*a**3 - a. Let r(h) = 6*g(h) + 5*j(h). Determine r(z).
10
Let i(u) be the third derivative of 1/2*u**3 - 1/24*u**4 + 0 + 0*u - 20*u**2. Let y(a) = -a**2 + 2*a - 2. Let j be y(3). Calculate i(j).
8
Let x(a) = a**3 - 9*a**2 + 23*a - 2. Let h be x(3). Let o(t) = t**3 - 12*t**2 - 18*t + 68. Let n be o(h). Let y(b) = -2*b**2 + 2*b + 5. Determine y(n).
-7
Let o(r) = r**2 + r - 2. Let f be 0 + -2 - (-2 + 0)/2. Let w be f - (9/6 + (-63)/14). Calculate o(w).
4
Let b be ((-8)/(-14))/(4/14). Let a(n) be the second derivative of 1/12*n**4 - 25*n + n**b + 0*n**3 + 0. Determine a(-3).
11
Let y(v) be the second derivative of v**6/144 - v**5/40 + v**4/12 - 23*v**2/2 + 19*v. Let n(g) be the third derivative of y(g). Calculate n(2).
7
Let q(z) = -2*z + 2*z - 2*z + 4*z + 2. Let s be (-84)/(-2*1)*532/3192. Determine q(s).
16
Let a(h) = 25*h - 314. Let g(y) = 9*y - 111. Let n(j) = 6*a(j) - 17*g(j). What is n(4)?
-9
Let z(p) = -p**2 - p - 1. Let c(x) = 7*x + 1. Let l(o) = c(o) + 3*z(o). Let f(y) = y**2 + 55*y - 964. Let g be f(-69). What is l(g)?
-6
Let n(p) = p - 1. Let k(h) = 2*h - 1. Let t(d) = -2*k(d) + 5*n(d). Let w = -122 + 122. What is t(w)?
-3
Let b = -755 - -757. Let q(c) = 9*c**2 + c**3 - 6 + 0 - 952*c - 2*c**b + 963*c. Calculate q(-5).
-11
Let i(w) = 16*w - 13. Let q(k) = -34*k + 29. Let g(d) = 13*i(d) + 6*q(d). Let f = -19 - -11. Let n = f - -4. Determine g(n).
-11
Let z = -13 - -23. Let i(f) = -f + 9. Let s be i(z). Let o(h) = -6*h. Let y(q) = -28*q. Let d(w) = 15*o(w) - 3*y(w). Give d(s).
6
Suppose 5*q - 65 = 5*u, 0 = -q + 3*u - u + 13. Suppose 16*p = q*p + 24. Let f(b) = -b**2 + 9*b - 10. Calculate f(p).
-2
Let k(t) = t**2 - 16*t - 7. Suppose 0 = 4*z - a - 58, -116*a = -3*z - 112*a + 37. Give k(z).
-22
Suppose -16 = -5*m + w, -w - 7 = -4*m - 6*w. Let a(r) be the third derivative of 0*r - 1/8*r**4 + 7*r**2 + 1 + 1/60*r**5 - 1/6*r**3. Calculate a(m).
-1
Let n(z) be the second derivative of z**3 + 103*z**2/2 + 7389*z. Give n(-25).
-47
Let k = -3/800 + 2009/2400. Let j(q) be the third derivative of 1/24*q**4 + k*q**3 + 1/12*q**5 + 0*q + 6*q**2 + 1/120*q**6 + 0. What is j(-5)?
0
Let y = 16 - -5. Let s be (-14)/y - (-76)/18*3. Let w(n) = 2*n**2 - 11 + 4 - 5*n + s*n - n**2. Calculate w(-7).
-7
Suppose 5*w - 11 = 29. Let f be (-2)/4 + 20/w - -2. Let n(r) = -6*r + f*r + 13 + r**2 - 2*r - 16. Determine n(4).
-3
Let k(z) be the second derivative of 6*z + 11/2*z**2 + 6 + 1/12*z**4 - 1/6*z**3. Determine k(0).
11
Let u(k) be the first derivative of 0*k + 1/3*k**3 + 7/2*k**2 - 8. Determine u(-9).
18
Let p(n) = -23 + 58 - 22 - 11 - 6*n. Give p(11).
-64
Let x(y) = y**2 + 9*y. Let d(n) = n**3 - 9*n**2 - 10*n + 5. Let k be d(10). Suppose k*z + 0*z = 0. Suppose z = -2*r + 3*r + 9. Determine x(r).
0
Suppose -6163 + 6235 = 8*j. Let w(t) = t**3 - 11*t**2 + 8*t + 31. Determine w(j).
-59
Let n = 226 - 221. Let o(l) = -2*l - 2. Let t(h) = -3*h - 2. Suppose 9 = -q + 4*q. Let j(w) = q*t(w) - 4*o(w). Give j(n).
-3
Let o(z) = 3*z**2 + 2*z + 1. Let c(n) = -2*n**2 - 2*n. Let v(b) = -4*c(b) - 3*o(b). Let g(j) = j**3 - 13*j**2 + 28*j + 25. Let r be g(10). Calculate v(r).
-18
Suppose -47*i + 14 = -45*i. Let a(p) = -3*p**3 + 10*p**2 - 7*p - 5. Let r(k) = 13*k**3 - 41*k**2 + 28*k + 20. Let z(b) = -9*a(b) - 2*r(b). What is z(i)?
5
Let s = 428 + -416. Let u(b) = -4*b + 53 + s*b - b**2 - 51. What is u(7)?
9
Let k(w) = 6*w**2 + 6*w**2 + 6*w**2 - 7 - 27*w**2 + 8*w + 8*w**2. Determine k(3).
8
Let u(p) be the second derivative of 2*p**3/3 - 5*p**2/2 - 40931*p. Suppose 5 = k + 2. Let l be k - 1 - -1*2. Give u(l).
11
Let d(p) = -p**3 - p**2 + 73*p - 130. Let s be d(2). Let k(o) = o**3 + o**2 - 9*o + 13. Calculate k(s).
57
Let a(l) = -2*l**2 - 32*l - 17. Let m(q) = -2*q**2 - 19*q - 8. Let u(x) = 3*a(x) - 5*m(x). What is u(5)?
84
Let c be (-418)/110 + 6/(-5). Let v(b) = -2*b**3 - 10*b**2 - 5*b + 4. Calculate v(c).
29
Let v(i) be the first derivative of -i**3/3 + 3*i**2 + 2*i - 9. Let q be v(6). Let j be (42/49)/(q/(-14)). Let c(a) = -a**2 - 3*a + 6. Calculate c(j).
-12
Suppose 0 = 8*r - r + 35. Let v(w) = w + 6. Suppose 3*u - 9 = 3*g, 5*u - 16 = u + 3*g. Let b(i) = 3*i + 19. Let n(c) = u*v(c) - 2*b(c). What is n(r)?
-1
Let t(j) be the second derivative of 2*j + 5/6*j**3 + 3 - 1/2*j**2. What is t(-3)?
-16
Let c(u) be the first derivative of 86 + 0*u + 0*u**3 - u**4 + 1/2*u**2. Determine c(1).
-3
Let u(h) = h**2 - 10*h - 8. Let p(s) = -2*s**2 - s + 2. Let l(v) = -p(v) - u(v). Suppose 2*o + b = -b - 12, 3*b - 30 = 5*o. Calculate l(o).
-24
Let f(p) = 22784*p - 116 - p**2 + 22801*p - 45609*p. Calculate f(-17).
3
Let z(t) = -4*t - 20 + 86 - 22 - 20 - 27. What is z(-14)?
53
Let f(r) = 0 + 2 - 8*r + 2*r**2 - 8. Let g = -682 - -700. Let o be 1/(((-51)/g)/(-17)). Determine f(o).
18
Let o(h) = h**2 + 18*h + 51. Let r(p) = -p**3 - 2*p**2 + 14*p - 151. Let q be r(-7). Determine o(q).
-5
Suppose -1 = -2*r + 3. Let x(y) = r*y - 2 + 7 + 0. Let n(d) = -50*d**2 - 901*d - 24. Let u be n(-18). What is x(u)?
-7
Let s(i) = -1 - 6 - 4*i + i. Suppose 14*x = 11*x + 3*j + 1758, -5*j = -4*x + 2340. Let k = 585 - x. Calculate s(k).
8
Let w(n) = -18*n**2 + 18*n**2 + 11 + n**2 - 21*n. Let u(r) = 3*r - 1. Let f(q) = 5*u(q) + w(q). Calculate f(6).
6
Let h(m) be the third derivative of -m**5/60 - m**4/12 + m**3/3 + 6*m**2. Let a = -2 + 34. Suppose -11*r - 12 = a. Calculate h(r).
-6
Let y(i) = i**3 - 5*i**2 - i. Let l be y(5). Let a = -1853 + 1863. Let f(w) = 0 - 23 + a + 7 - w. Determine f(l).
-1
Let b(k) be the second derivative of -4*k**3 + 4 + 19/2*k**2 + 2*k + 2*k**4 - 1/20*k**5. Give b(23).
-4
Let p(j) = -j - 55. Let u = -3236 - -3206. What is p(u)?
-25
Let l(d) be the third derivative of d**5/60 + 7*d**4/24 + 3*d**3/2 + 3*d**2. Let w be (-1)/(-20 - (-2397)/119). Determine l(w).
9
Let b(l) = -l**2 + 9*l - 10. Suppose -3*d = -0*d. Suppose d = 10*t - 8*t - 212. Let n = -98 + t. Give b(n).
-2
Let a(b) = 16*b + 119077 - 59522 - 59541 - 3*b**2 + 2*b**2. Determine a(16).
14
Let h = -3044 + 3044. Let c(g) = -g**3 + 11. Determine c(h).
11
Let v(n) = -3 + 1 - 4*n + 3*n. Suppose -17